{"id":6,"date":"2016-05-03T19:03:24","date_gmt":"2016-05-03T18:03:24","guid":{"rendered":"https:\/\/www.friteau-demenagements.com\/?page_id=6"},"modified":"2022-01-26T16:34:31","modified_gmt":"2022-01-26T15:34:31","slug":"demenagement","status":"publish","type":"page","link":"https:\/\/www.friteau-demenagements.com\/","title":{"rendered":"D\u00e9m\u00e9nagement"},"content":{"rendered":"<h2>Comment faire pour d\u00e9m\u00e9nager ?<\/h2>\n<p>Le recours \u00e0 un professionnel pour ex\u00e9cuter son transfert, ou certaines t\u00e2ches, permet d\u2019obtenir un devis de d\u00e9m\u00e9nagement gratuitement.<\/p>\n<p>Le d\u00e9m\u00e9nagement est en effet, un moment important dans la vie d\u2019un individu, il faudra alors le pr\u00e9parer \u00e0 l\u2019avance.<\/p>\n<h2>Faire appel \u00e0 une entreprise de d\u00e9m\u00e9nagement<\/h2>\n<p>Un citoyen peut r\u00e9aliser lui-m\u00eame son d\u00e9m\u00e9nagement <a href=\"https:\/\/demenageur.com\">demenageur.com<\/a>\u00a0avec l\u2019aide de sa famille ou de ses amis. Cependant, lorsque les meubles sont nombreux il faut plus d\u2019organisation, c\u2019est la raison pour laquelle, les m\u00e9nages font appel \u00e0 des d\u00e9m\u00e9nageurs professionnels. Mais contrairement aux id\u00e9es re\u00e7ues, faire appel \u00e0 une entreprise de d\u00e9m\u00e9nagement n\u2019est pas forc\u00e9ment toujours tr\u00e8s cher. Il faudra d\u2019abord commencer par jouer la concurrence. Il faudra aller dans des entreprises \u00a0diverses et comparer les prix. Mais il ne faut pas se limiter au prix, il faudra consulter les conditions et esquiver les pi\u00e8ges. Il faut aussi demander aux d\u00e9m\u00e9nageurs les conditions d\u2019indemnisation en cas de perte ou de casse des mobiliers.<br \/>\nUn devis en ligne est pratique et rapide, mais si l\u2019offre propos\u00e9e par le professionnel int\u00e9resse le concern\u00e9, il faut que ce dernier exige une visite de la maison avant de conclure. Cela \u00e9vite que le d\u00e9m\u00e9nageur ne soit surpris par quoi que ce soit le jour J et qu\u2019il demande un frais suppl\u00e9mentaire pour un tel ou un tel meuble. Il faut \u00e9galement se m\u00e9fier des co\u00fbts tr\u00e8s bas. Si le sujet est tout de m\u00eame tent\u00e9 par l\u2019offre, il devra demander un devis \u00e9crit avec les d\u00e9tails des conditions afin de v\u00e9rifier toutes les proc\u00e9dures. G\u00e9n\u00e9ralement, 30% du frais de d\u00e9m\u00e9nagement est \u00e0 payer en avance. Donc, si l\u2019entreprise en demande plus, il ne faut pas accepter. Pour diminuer le devis, voici plut\u00f4t quelques astuces s\u00e9curis\u00e9es, mais pratiques. Il faudra r\u00e9duire au minimum le volume des meubles \u00e0 transporter. Pour cela, la vente des objets ou meubles non utilis\u00e9s s\u2019av\u00e8rent \u00eatre une excellente alternative. Suivant son choix, elle peut opter pour un vide grenier ou des ventes sur Internet. Il faut \u00e9galement \u00e9viter le d\u00e9but des grandes vacances, le week-end, et les fins de mois car les prix sont souvent \u00e9lev\u00e9s pendant ces p\u00e9riodes.<\/p>\n<h2>Se pr\u00e9parer au d\u00e9m\u00e9nagement<\/h2>\n<p>Les premiers cartons de d\u00e9m\u00e9nagement peuvent \u00eatre emball\u00e9s 3 semaines avant. Les meubles non utilis\u00e9s, les livres, les ustensiles de cuisine occasionnellement utilis\u00e9s ou encore les vieux souvenirs, sont les mat\u00e9riels qu\u2019il faut emballer en premier. Pour faciliter le transport et l\u2019arrangement des mobiliers, il faut cat\u00e9goriser les affaires et utiliser des scotchs de couleur. Il faut par exemple scotcher les affaires de la cuisine en rouge, du salon en blanc et des chambres en bleu. Ou encore, la personne peut mettre des \u00e9tiquettes sur chaque carton de d\u00e9m\u00e9nagement et y marquer ses notes. Les photos, les objets personnels ou les objets f\u00e9tiches qui sont pr\u00e9cieux pour la personne ne doivent pas \u00eatre confi\u00e9s au d\u00e9m\u00e9nageur pour \u00e9viter le stress, plut\u00f4t les ranger dans un carton et l\u2019emmener avec soi. N\u00e9anmoins, il ne faut pas apporter plus de 2 cartons. Trop de cartons g\u00e2cheront le voyage, surtout pour le cas des familles avec des enfants. Trois semaines avant le d\u00e9part, la famille devra aussi commencer par vider les placards ainsi que le cong\u00e9lateur. Elle doit \u00e9galement appeler sa compagnie de t\u00e9l\u00e9phone, ses assurances, son fournisseur internet ou encore EDF-GDF de leur d\u00e9part.<br \/>\nQuand il ne reste plus que 2 semaines avant le d\u00e9part, il faudra aussi annoncer la Poste des transferts de courrier, les journaux dans auxquels le foyer est abonn\u00e9, la s\u00e9curit\u00e9 sociale, les mutuelles ainsi que les proches. Il faudra \u00e9galement r\u00e9aliser un contrat avec les fournisseurs d\u2019\u00e9lectricit\u00e9, d\u2019eau et de gaz. R\u00e9aliser un nouveau contrat demande au minimum 5 jours. Les amateurs du jardinage devront \u00e9galement cesser d\u2019arroser les fleurs en pots pour ne pas \u00e0 transporter un pot lourd. Et pour ne pas \u00eatre trop charg\u00e9 le jour J, il faut aussi commencer par nettoyer les appareils \u00e9lectrom\u00e9nagers 15 jours avant. Et s\u2019il ne reste plus qu\u2019une semaine avant le d\u00e9part, il faut continuer de remplir ses cartons. Il faudra donc ranger les rideaux, les tapis et les moquettes apr\u00e8s les avoir lav\u00e9s. Cela est de m\u00eame pour les tableaux, les photos, et les appliques. Il faudra pareillement penser \u00e0 vider le r\u00e9frig\u00e9rateur, \u00e0 prendre les v\u00eatements au pressing ou encore les chaussures chez le cordonnier. Pour ne rien oublier, il faudra se munir d\u2019un petit carnet afin que toutes les notes y soient inscrites. Et pour ne pas rencontrer des probl\u00e8mes, il faudra bien v\u00e9rifier que le d\u00e9m\u00e9nageur ait pris une autorisation de se garer devant l\u2019appartement ou l\u2019immeuble le jour du d\u00e9m\u00e9nagement. Et enfin, pour le jour J, si le voyage est long, il ne faut pas oublier les chargeurs de t\u00e9l\u00e9phone, le papier toilette, les v\u00eatements chauds, les serviettes et les vaisselles jetables ou encore le tire-bouchon.<\/p>\n<p class=\"p1\">Ce site n&rsquo;est pas propri\u00e9t\u00e9 de Friteau D\u00e9m\u00e9nagements<\/p>\n","protected":false},"excerpt":{"rendered":"<p>Comment faire pour d\u00e9m\u00e9nager ? Le recours \u00e0 un professionnel pour ex\u00e9cuter son transfert, ou certaines t\u00e2ches, permet d\u2019obtenir un devis de d\u00e9m\u00e9nagement gratuitement. Le d\u00e9m\u00e9nagement est en effet, un moment important dans la vie d\u2019un individu, il faudra alors le pr\u00e9parer \u00e0 l\u2019avance. Faire appel \u00e0 une entreprise de d\u00e9m\u00e9nagement Un citoyen peut r\u00e9aliser &hellip; <a href=\"https:\/\/www.friteau-demenagements.com\/\" class=\"more-link\">Continuer la lecture de <span class=\"screen-reader-text\">D\u00e9m\u00e9nagement<\/span> <span class=\"meta-nav\">&rarr;<\/span><\/a><\/p>\n","protected":false},"author":1,"featured_media":0,"parent":0,"menu_order":0,"comment_status":"closed","ping_status":"closed","template":"","meta":{"_seopress_robots_primary_cat":"","_seopress_titles_title":"","_seopress_titles_desc":"","_seopress_robots_index":"","footnotes":""},"class_list":["post-6","page","type-page","status-publish","hentry"],"_links":{"self":[{"href":"https:\/\/www.friteau-demenagements.com\/index.php\/wp-json\/wp\/v2\/pages\/6","targetHints":{"allow":["GET"]}}],"collection":[{"href":"https:\/\/www.friteau-demenagements.com\/index.php\/wp-json\/wp\/v2\/pages"}],"about":[{"href":"https:\/\/www.friteau-demenagements.com\/index.php\/wp-json\/wp\/v2\/types\/page"}],"author":[{"embeddable":true,"href":"https:\/\/www.friteau-demenagements.com\/index.php\/wp-json\/wp\/v2\/users\/1"}],"replies":[{"embeddable":true,"href":"https:\/\/www.friteau-demenagements.com\/index.php\/wp-json\/wp\/v2\/comments?post=6"}],"version-history":[{"count":4,"href":"https:\/\/www.friteau-demenagements.com\/index.php\/wp-json\/wp\/v2\/pages\/6\/revisions"}],"predecessor-version":[{"id":15,"href":"https:\/\/www.friteau-demenagements.com\/index.php\/wp-json\/wp\/v2\/pages\/6\/revisions\/15"}],"wp:attachment":[{"href":"https:\/\/www.friteau-demenagements.com\/index.php\/wp-json\/wp\/v2\/media?parent=6"}],"curies":[{"name":"wp","href":"https:\/\/api.w.org\/{rel}","templated":true}]}}